t 9 (base 13) to base 9.
10
67 (base 8) to base 11
50
Convert 3 (base 7) to base 9.
3
Convert -1 (base 16) to base 3.
-1
2 (base 7) to base 4
2
10111 (base 3) to base 6
234
5 (base 14) to base 5
10
What is 1220 (base 4) in base 7?
206
What is -3 (base 13) in base 15?
-3
33 (base 9) to base 2
11110
-45 (base 6) to base 13
-23
Convert 15 (base 11) to base 5.
31
Convert 3 (base 14) to base 3.
10
What is -1101 (base 2) in base 15?
-d
3 (base 14) to base 10
3
2 (base 5) to base 14
2
-20 (base 4) to base 14
-8
Convert -16 (base 12) to base 8.
-22
What is -1 (base 9) in base 7?
-1
23 (base 6) to base 13
12
What is -1 (base 11) in base 7?
-1
-10 (base 8) to base 3
-22
Convert 111 (base 16) to base 9.
333
What is 2 (base 6) in base 12?
2
What is -5 (base 7) in base 3?
-12
What is 211 (base 5) in base 8?
70
Convert -25 (base 14) to base 8.
-41
11 (base 5) to base 7
6
What is 11 (base 4) in base 7?
5
Convert -112 (base 3) to base 5.
-24
Convert 124 (base 14) to base 9.
273
Convert 0 (base 10) to base 4.
0
What is 2 (base 6) in base 13?
2
What is -45 (base 7) in base 9?
-36
-6 (base 16) to base 12
-6
What is 11101 (base 2) in base 9?
32
Convert a (base 13) to base 16.
a
10011 (base 2) to base 8
23
19 (base 14) to base 13
1a
What is -161 (base 11) in base 8?
-274
What is 23 (base 10) in base 13?
1a
What is -54 (base 8) in base 7?
-62
e (base 15) to base 10
14
1a0 (base 14) to base 3
110110
Convert -2 (base 3) to base 2.
-10
Convert -1 (base 16) to base 14.
-1
Convert 13 (base 16) to base 13.
16
What is 1022 (base 3) in base 2?
100011
-24 (base 8) to base 15
-15
-1100 (base 3) to base 7
-51
0 (base 3) to base 7
0
What is -1 (base 16) in base 11?
-1
Convert -25 (base 7) to base 2.
-10011
What is 3 (base 5) in base 2?
11
Convert -1 (base 8) to base 13.
-1
What is 1015 (base 7) in base 12?
257
Convert -16 (base 15) to base 5.
-41
What is 81 (base 13) in base 15?
70
-1222 (base 4) to base 10
-106
Convert -12 (base 7) to base 11.
-9
Convert 1 (base 9) to base 14.
1
-90 (base 11) to base 16
-63
443 (base 8) to base 5
2131
Convert 3 (base 11) to base 10.
3
-21 (base 4) to base 3
-100
What is 2 (base 3) in base 4?
2
-123 (base 5) to base 15
-28
-11 (base 3) to base 12
-4
-15 (base 12) to base 10
-17
What is -131 (base 5) in base 6?
-105
What is -3 (base 10) in base 2?
-11
Convert 1 (base 16) to base 5.
1
What is 303 (base 9) in base 5?
1441
Convert -2 (base 16) to base 7.
-2
What is -161 (base 9) in base 8?
-210
Convert 136 (base 8) to base 2.
1011110
-51 (base 15) to base 16
-4c
What is -313 (base 5) in base 8?
-123
Convert 62 (base 9) to base 14.
40
12 (base 4) to base 2
110
Convert 0 (base 10) to base 14.
0
203 (base 4) to base 7
50
Convert -424 (base 6) to base 11.
-136
What is -101 (base 2) in base 8?
-5
What is -100 (base 2) in base 3?
-11
Convert -1 (base 5) to base 12.
-1
Convert -3 (base 9) to base 16.
-3
What is 18 (base 12) in base 15?
15
-51 (base 10) to base 11
-47
-4 (base 16) to base 7
-4
Convert 5 (base 6) to base 11.
5
1 (base 7) to base 4
1
Convert 4 (base 6) to base 16.
4
-3 (base 9) to base 2
-11
What is 3 (base 4) in base 5?
3
-3 (base 7) to base 2
-11
-15 (base 11) to base 10
-16
Convert -20001 (base 3) to base 7.
-322
-1c (base 13) to base 2
-11001
-11000111 (base 2) to base 11
-171
1 (base 11) to base 10
1
What is -a7 (base 15) in base 14?
-b3
14 (base 5) to base 10
9
-3 (base 13) to base 10
-3
a (base 11) to base 10
10
Convert 103 (base 5) to base 10.
28
What is 110 (base 2) in base 11?
6
What is -10 (base 3) in base 7?
-3
-1 (base 11) to base 15
-1
-28 (base 16) to base 9
-44
What is 2 (base 10) in base 4?
2
5 (base 16) to base 7
5
Convert -18 (base 15) to base 16.
-17
0 (base 8) to base 11
0
-1 (base 5) to base 6
-1
Convert 554 (base 7) to base 5.
2114
What is -13 (base 12) in base 2?
-1111
What is 2010 (base 5) in base 9?
313
What is 6a (base 12) in base 5?
312
-8 (base 12) to base 14
-8
Convert 0 (base 3) to base 8.
0
224 (base 8) to base 16
94
Convert -4 (base 13) to base 2.
-100
What is 3 (base 16) in base 2?
11
Convert -1 (base 15) to base 9.
-1
a0 (base 12) to base 10
120
13 (base 4) to base 11
7
-1143 (base 6) to base 3
-101100
Convert 24 (base 15) to base 11.
31
What is 111000 (base 2) in base 10?
56
1 (base 14) to base 8
1
What is -6 (base 14) in base 11?
-6
Convert 0 (base 10) to base 11.
0
Convert -41 (base 15) to base 5.
-221
What is 0 (base 2) in base 10?
0
-2b (base 16) to base 8
-53
-212 (base 3) to base 4
-113
32 (base 10) to base 12
28
Convert -3 (base 13) to base 5.
-3
210 (base 3) to base 4
111
What is 6 (base 13) in base 11?
6
Convert 4 (base 11) to base 3.
11
Convert 7c (base 15) to base 6.
313
What is 11 (base 2) in base 5?
3
-3 (base 13) to base 6
-3
-153 (base 8) to base 16
-6b
What is -1 (base 9) in base 2?
-1
What is -2 (base 14) in base 10?
-2
8 (base 14) to base 12
8
What is -77 (base 12) in base 2?
-1011011
Convert -14 (base 13) to base 8.
-21
10001 (base 2) to base 8
21
Convert -110 (base 2) to base 3.
-20
What is 2 (base 3) in base 2?
10
Convert -5a (base 13) to base 11.
-69
1 (base 4) to base 16
1
-22 (base 9) to base 7
-26
63 (base 10) to base 11
58
Convert 18 (base 9) to base 12.
15
What is -455 (base 8) in base 14?
-177
-1112 (base 4) to base 15
-5b
1b (base 15) to base 14
1c
What is 81 (base 10) in base 9?
100
bc (base 16) to base 3
20222
-7 (base 11) to base 14
-7
112002 (base 3) to base 7
1052
What is -324 (base 8) in base 4?
-3110
10 (base 16) to base 10
16
What is -1001 (base 5) in base 14?
-90
What is 2 (base 15) in base 9?
2
Convert -a (base 15) to base 2.
-1010
6b (base 13) to base 5
324
Convert 142 (base 7) to base 16.
4f
What is 0 (base 5) in base 3?
0
Convert -7 (base 11) to base 10.
-7
Convert -2 (base 13) to base 8.
-2
What is -4 (base 12) in base 5?
-4
What is -1 (base 12) in base 2?
-1
Convert -15 (base 12) to base 16.
-11
1 (base 5) to base 7
1
0 (base 12) to base 9
0
Convert 10 (base 7) to base 10.
7
Convert 1 (base 7) to base 13.
1
Convert -8 (base 11) to base 10.
-8
Convert 1 (base 10) to base 13.
1
Convert -47 (base 10) to base 4.
-233
2 (base 14) to base 11
2
Convert 21 (base 7) to base 8.
17
-e2 (base 16) to base 6
-1014
10 (base 4) to base 6
4
-2 (base 12) to base 14
-2
What is -5 (base 10) in base 7?
-5
What is -5 (base 11) in base 13?
-5
What is 1 (base 8) in base 7?
1
101 (base 2) to base 7
5
What is 1100 (base 3) in base 2?
100100
-306 (base 10) to base 14
-17c
What is -bb (base 15) in base 8?
-260
Convert 13 (base 8) to base 14.
b
What is -351 (base 6) in base 13?
-a9
Convert -1 (base 6) to base 10.
-1
What is -1 (base 4) in base 7?
-1
Convert 3 (base 7) to base 8.
3
What is -3 (base 13) in base 5?
-3
-312 (base 5) to base 2
-1010010
Convert 93 (base 14) to base 13.
9c
-110 (base 2) to base 4
-12
What is -11 (base 8) in base 15?
-9
4c (base 14) to base 15
48
-205 (base 7) to base 15
-6d
32 (base 7) to base 5
43
What is 7b (base 12) in base 8?
137
232 (base 4) to base 8
56
Convert 101 (base 2) to base 14.
5
What is 101010 (base 2) in base 10?
42
What is 35 (base 14) in base 11?
43
Convert -5 (base 15) to base 14.
-5
Convert -24 (base 6) to base 12.
-14
Convert 25 (base 10) to base 14.
1b
-24 (base 13) to base 11
-28
What is -1212 (base 3) in base 2?
-110010
What is -6 (base 7) in base 6?
-10
What is -10 (base 3) in base 7?
-3
f (base 16) to base 15
10
What is 4 (base 12) in base 5?
4
53 (base 10) to base 14
3b
-2e (base 16) to base 12
-3a
What is -10 (base 6) in base 11?
-6
Convert 52 (base 16) to base 3.
10001
Convert -181 (base 10) to base 12.
-131
67 (base 8) to base 3
2001
Convert -94 (base 13) to base 5.
-441
What is -1c (base 14) in base 11?
-24
What is 304 (base 6) in base 11?
a2
16 (base 16) to base 13
19
What is 0 (base 15) in base 13?
0
-24 (base 12) to base 2
-11100
Convert -5e (base 15) to base 10.
-89
Convert -139 (base 11) to base 7.
-322
Convert -b (base 15) to base 13.
-b
c (base 14) to base 4
30
Convert -3 (base 12) to base 13.
-3
Convert -4 (base 6) to base 5.
-4
What is 10 (base 3) in base 6?
3
Convert 3 (base 11) to base 13.
3
Convert 6 (base 12) to base 15.
6
What is 26 (base 12) in base 6?
50
151 (base 14) to base 7
531
-4 (base 12) to base 13
-4
-11 (base 7) to base 12
-8
28 (base 13) to base 6
54
Convert 155 (base 16) to base 9.
418
What is -10012 (